{"id":73,"date":"2007-06-11T13:37:33","date_gmt":"2007-06-11T11:37:33","guid":{"rendered":"http:\/\/bruenicke.com\/?page_id=73"},"modified":"2007-06-11T14:14:26","modified_gmt":"2007-06-11T12:14:26","slug":"5","status":"publish","type":"page","link":"http:\/\/bruenicke.com\/?page_id=73","title":{"rendered":"5) 04. Juni 2007"},"content":{"rendered":"<p>\u00c1 Sprengisandi<\/p>\n<p>***********************************<br \/>\nR\u00ed\u00f0um, r\u00ed\u00f0um, rekum yfir sandinn,<br \/>\nrennur s\u00f3l \u00e1 bak vi\u00f0 Arnarfell.<br \/>\nH\u00e9r \u00e1 reiki&#8216; er margur \u00f3hreinn andinn<br \/>\n\u00far \u00fev\u00ed fer a\u00f0 skyggja \u00e1 j\u00f6kulsvell.<br \/>\n:,:Drottinn lei\u00f0i dr\u00f6sulinn minn,<br \/>\ndrj\u00fagur ver\u00f0ur s\u00ed\u00f0asti \u00e1fanginn.:,:<\/p>\n<p>***********************************<br \/>\n\u00deei \u00feei, \u00feei \u00feei. \u00deaut \u00ed holti t\u00f3fa,<br \/>\n\u00feurran vill h\u00fan bl\u00f3\u00f0i v\u00e6ta g\u00f3m,<br \/>\ne\u00f0a l\u00edka einhver var a\u00f0 h\u00f3a<br \/>\nundarlega digrum karlar\u00f3m.<br \/>\n:,:\u00datilegumenn \u00ed \u00d3d\u00e1\u00f0ahraun<br \/>\neru kannski&#8216; a\u00f0 smala f\u00e9 \u00e1 laun.:,:<\/p>\n<p>***********************************<br \/>\nR\u00ed\u00f0um, r\u00ed\u00f0um, rekum yfir sandinn,<br \/>\nr\u00f6kkri\u00f0 er a\u00f0 s\u00edga&#8216; \u00e1 Her\u00f0ubrei\u00f0.<br \/>\n\u00c1lfadrotting er a\u00f0 beisla gandinn,<br \/>\nekki&#8216; er gott a\u00f0 ver\u00f0a&#8216; \u00e1 hennar lei\u00f0.<br \/>\n:,:V\u00e6nsta kl\u00e1rinn vildi&#8216; \u00e9g gefa til<br \/>\na\u00f0 vera kominn ofan \u00ed Ki\u00f0agil.:,<\/p>\n<p>***********************************<br \/>\nGr\u00edmur Thomsen<\/p>\n<p>***********************************<\/p>\n<p>und hier eine m\u00f6gliche \u00dcbersetzung:<\/p>\n<p>Sprengisandur (Walther von Knebel)<\/p>\n<p>Geschwind, reit geschwind, \u00fcber den Sand jage hin!<br \/>\nSchon senkt sich die D\u00e4mmrung auf die Berge herab,<br \/>\nDann sattelt ihr Ro\u00df die Bergk\u00f6nigin &#8211;<br \/>\nUnd Gnade dem, der ihr kommt in den Weg!<br \/>\nGott sch\u00fctze all&#8216; den Anhang mein &#8211;<br \/>\nGar lang wird die letzte Strecke sein!<br \/>\nHusch, husch! was t\u00f6nt den Rain entlang?<br \/>\nWars ein Fuchs, der mit Blut den Gaumen netzt?<br \/>\nOder einer Stimme tiefer Klang,<br \/>\nDie in der Wildnis Schafe hetzt?<br \/>\nIn der schwarzen Lava, der ge\u00e4chtete Mann<br \/>\nVielleicht f\u00e4ngt er sein heimliches Treiben schon an?<br \/>\nGeschwind, reit geschwind, \u00fcber den Sand jage hin,<br \/>\nSchon schwindet die Sonn&#8216; hinter Bergen<br \/>\nViel b\u00f6se Geister von den Gletschern dann zieh&#8217;n<br \/>\nDie sich im Dunkeln verbergen!<br \/>\nDas beste Pferd, gern g\u00e4b ich es fort! &#8211;<br \/>\nWenn ich nur erst w\u00e4re an sicherem Ort!<\/p>\n","protected":false},"excerpt":{"rendered":"<p>\u00c1 Sprengisandi *********************************** R\u00ed\u00f0um, r\u00ed\u00f0um, rekum yfir sandinn, rennur s\u00f3l \u00e1 bak vi\u00f0 Arnarfell. H\u00e9r \u00e1 reiki&#8216; er margur \u00f3hreinn andinn \u00far \u00fev\u00ed fer a\u00f0 skyggja \u00e1 j\u00f6kulsvell. :,:Drottinn lei\u00f0i dr\u00f6sulinn minn, drj\u00fagur ver\u00f0ur s\u00ed\u00f0asti \u00e1fanginn.:,: *********************************** \u00deei \u00feei, \u00feei \u00feei. \u00deaut \u00ed holti t\u00f3fa, \u00feurran vill h\u00fan bl\u00f3\u00f0i v\u00e6ta g\u00f3m, e\u00f0a l\u00edka einhver var [&hellip;]<\/p>\n","protected":false},"author":1,"featured_media":0,"parent":30,"menu_order":0,"comment_status":"open","ping_status":"closed","template":"","meta":{"footnotes":""},"class_list":["post-73","page","type-page","status-publish","hentry"],"_links":{"self":[{"href":"http:\/\/bruenicke.com\/index.php?rest_route=\/wp\/v2\/pages\/73","targetHints":{"allow":["GET"]}}],"collection":[{"href":"http:\/\/bruenicke.com\/index.php?rest_route=\/wp\/v2\/pages"}],"about":[{"href":"http:\/\/bruenicke.com\/index.php?rest_route=\/wp\/v2\/types\/page"}],"author":[{"embeddable":true,"href":"http:\/\/bruenicke.com\/index.php?rest_route=\/wp\/v2\/users\/1"}],"replies":[{"embeddable":true,"href":"http:\/\/bruenicke.com\/index.php?rest_route=%2Fwp%2Fv2%2Fcomments&post=73"}],"version-history":[{"count":0,"href":"http:\/\/bruenicke.com\/index.php?rest_route=\/wp\/v2\/pages\/73\/revisions"}],"up":[{"embeddable":true,"href":"http:\/\/bruenicke.com\/index.php?rest_route=\/wp\/v2\/pages\/30"}],"wp:attachment":[{"href":"http:\/\/bruenicke.com\/index.php?rest_route=%2Fwp%2Fv2%2Fmedia&parent=73"}],"curies":[{"name":"wp","href":"https:\/\/api.w.org\/{rel}","templated":true}]}}