{"id":30,"date":"2007-03-18T17:01:32","date_gmt":"2007-03-18T15:01:32","guid":{"rendered":"http:\/\/bruenicke.com\/?page_id=30"},"modified":"2007-03-21T13:02:27","modified_gmt":"2007-03-21T11:02:27","slug":"islandisch","status":"publish","type":"page","link":"http:\/\/bruenicke.com\/?page_id=30","title":{"rendered":"Isl\u00e4ndisch"},"content":{"rendered":"<p>Hier die Mitschrift der bisherigen Isl\u00e4ndisch-Lektionen:<br \/>\nOhne Gew\u00e4hr!<\/p>\n<table style=\"height: 647px; text-align: center; border: #aaaaaa 1px solid\" cellpadding=\"3\" rules=\"all\" width=\"254\">\n<tr>\n<th bgcolor=\"#f9f9f9\">Isl\u00e4ndisch<\/th>\n<th bgcolor=\"#f9f9f9\">Deutsch<\/th>\n<\/tr>\n<tr>\n<td>\n<div align=\"center\"><font face=\"Arial, Helvetica, sans-serif\">Go\u00f0a N\u00f3tt<\/font><\/div>\n<\/td>\n<td>\n<div align=\"center\"><font face=\"Arial, Helvetica, sans-serif\">Gute Nacht<\/font><\/div>\n<\/td>\n<\/tr>\n<tr>\n<td>\n<div align=\"center\"><font face=\"Arial, Helvetica, sans-serif\">Gott Kv\u00f6ld<\/font><\/div>\n<\/td>\n<td>\n<div align=\"center\"><font face=\"Arial, Helvetica, sans-serif\">Guten Abend<\/font><\/div>\n<\/td>\n<\/tr>\n<tr>\n<td>\n<div align=\"center\"><font face=\"Arial, Helvetica, sans-serif\">(Vi\u00f0) Sj\u00e1umst<\/font><\/div>\n<\/td>\n<td>\n<div align=\"center\"><font face=\"Arial, Helvetica, sans-serif\">(Wir) sehen uns<\/font><\/div>\n<\/td>\n<\/tr>\n<tr>\n<td>\n<div align=\"center\"><font face=\"Arial, Helvetica, sans-serif\">Bless<\/font><\/div>\n<\/td>\n<td>\n<div align=\"center\"><font face=\"Arial, Helvetica, sans-serif\">Tsch\u00fc\u00df<\/font><\/div>\n<\/td>\n<\/tr>\n<tr>\n<td>\n<div align=\"center\"><font face=\"Arial, Helvetica, sans-serif\">Takk fyrir matinn<\/font><\/div>\n<\/td>\n<td>\n<div align=\"center\"><font face=\"Arial, Helvetica, sans-serif\">Danke f\u00fcr das Essen<\/font><\/div>\n<\/td>\n<\/tr>\n<tr>\n<td>\n<div align=\"center\"><font face=\"Arial, Helvetica, sans-serif\">\u00c9g er fr\u00e1 \u00de\u00fdskalandi<\/font><\/div>\n<\/td>\n<td>\n<div align=\"center\"><font face=\"Arial, Helvetica, sans-serif\">Ich bin aus Deutschland<\/font><\/div>\n<\/td>\n<\/tr>\n<tr>\n<td>\n<div align=\"center\"><font face=\"Arial, Helvetica, sans-serif\">Fyrirgef\u00f0u<\/font><\/div>\n<\/td>\n<td>\n<div align=\"center\"><font face=\"Arial, Helvetica, sans-serif\">Entschuldigung<\/font><\/div>\n<\/td>\n<\/tr>\n<tr>\n<td>\n<div align=\"center\"><font face=\"Arial, Helvetica, sans-serif\">Gj\u00f6r\u00f0u svo vel<\/font><\/div>\n<\/td>\n<td>\n<div align=\"center\"><font face=\"Arial, Helvetica, sans-serif\">Bittesch\u00f6n<\/font><\/div>\n<\/td>\n<\/tr>\n<tr>\n<td>\n<div align=\"center\"><font face=\"Arial, Helvetica, sans-serif\">M\u00e1 \u00e9g?<\/font><\/div>\n<\/td>\n<td>\n<div align=\"center\"><font face=\"Arial, Helvetica, sans-serif\">Darf ich?<\/font><\/div>\n<\/td>\n<\/tr>\n<tr>\n<td>\n<div align=\"center\"><font face=\"Arial, Helvetica, sans-serif\">Fer h\u00e9\u00f0an ______ til?<\/font><\/div>\n<\/td>\n<td>\n<div align=\"center\"><font face=\"Arial, Helvetica, sans-serif\">F\u00e4hrt hier ______ nach?<\/font><\/div>\n<\/td>\n<\/tr>\n<tr>\n<td>\n<div align=\"center\"><font face=\"Arial, Helvetica, sans-serif\">R\u00fata<\/font><\/div>\n<\/td>\n<td>\n<div align=\"center\"><font face=\"Arial, Helvetica, sans-serif\">Bus<\/font><\/div>\n<\/td>\n<\/tr>\n<tr>\n<td>\n<div align=\"center\"><font face=\"Arial, Helvetica, sans-serif\">Flugv\u00e9l<\/font><\/div>\n<\/td>\n<td>\n<div align=\"center\"><font face=\"Arial, Helvetica, sans-serif\">Flugzeug<\/font><\/div>\n<\/td>\n<\/tr>\n<tr>\n<td>\n<div align=\"center\"><font face=\"Arial, Helvetica, sans-serif\">Skip<\/font><\/div>\n<\/td>\n<td>\n<div align=\"center\"><font face=\"Arial, Helvetica, sans-serif\">Schiff<\/font><\/div>\n<\/td>\n<\/tr>\n<tr>\n<td>\n<div align=\"center\"><font face=\"Arial, Helvetica, sans-serif\">Hestur<\/font><\/div>\n<\/td>\n<td>\n<div align=\"center\"><font face=\"Arial, Helvetica, sans-serif\">Pferd<\/font><\/div>\n<\/td>\n<\/tr>\n<tr>\n<td>\n<div align=\"center\"><font face=\"Arial, Helvetica, sans-serif\">Hvar er_____?<\/font><\/div>\n<\/td>\n<td>\n<div align=\"center\"><font face=\"Arial, Helvetica, sans-serif\">Wo ist____?<\/font><\/div>\n<\/td>\n<\/tr>\n<tr>\n<td>\n<div align=\"center\"><font face=\"Arial, Helvetica, sans-serif\">Hryssa<\/font><\/div>\n<\/td>\n<td>\n<div align=\"center\"><font face=\"Arial, Helvetica, sans-serif\">Stute<\/font><\/div>\n<\/td>\n<\/tr>\n<tr>\n<td>\n<div align=\"center\"><font face=\"Arial, Helvetica, sans-serif\">Sto\u00f0hestur<\/font><\/div>\n<\/td>\n<td>\n<div align=\"center\"><font face=\"Arial, Helvetica, sans-serif\">Hengst<\/font><\/div>\n<\/td>\n<\/tr>\n<tr>\n<td>\n<div align=\"center\"><font face=\"Arial, Helvetica, sans-serif\">H\u00e6gri<\/font><\/div>\n<\/td>\n<td>\n<div align=\"center\"><font face=\"Arial, Helvetica, sans-serif\">Rechts<\/font><\/div>\n<\/td>\n<\/tr>\n<tr>\n<td>\n<div align=\"center\"><font face=\"Arial, Helvetica, sans-serif\">Vinstri<\/font><\/div>\n<\/td>\n<td>\n<div align=\"center\"><font face=\"Arial, Helvetica, sans-serif\">Links<\/font><\/div>\n<\/td>\n<\/tr>\n<tr>\n<td>\n<div align=\"center\"><font face=\"Arial, Helvetica, sans-serif\">Beint \u00e1fram<\/font><\/div>\n<\/td>\n<td>\n<div align=\"center\"><font face=\"Arial, Helvetica, sans-serif\">Geradeaus<\/font><\/div>\n<\/td>\n<\/tr>\n<tr>\n<td>\n<div align=\"center\"><font face=\"Arial, Helvetica, sans-serif\">Evrur<\/font><\/div>\n<\/td>\n<td>\n<div align=\"center\"><font face=\"Arial, Helvetica, sans-serif\">Euro<\/font><\/div>\n<\/td>\n<\/tr>\n<tr>\n<td>\n<div align=\"center\"><font face=\"Arial, Helvetica, sans-serif\">J\u00e1<\/font><\/div>\n<\/td>\n<td>\n<div align=\"center\"><font face=\"Arial, Helvetica, sans-serif\">Ja<\/font><\/div>\n<\/td>\n<\/tr>\n<tr>\n<td>\n<div align=\"center\"><font face=\"Arial, Helvetica, sans-serif\">Nei<\/font><\/div>\n<\/td>\n<td>\n<div align=\"center\"><font face=\"Arial, Helvetica, sans-serif\">Nein<\/font><\/div>\n<\/td>\n<\/tr>\n<tr>\n<td>\n<div align=\"center\"><font face=\"Arial, Helvetica, sans-serif\">Ha?<\/font><\/div>\n<\/td>\n<td>\n<div align=\"center\"><font face=\"Arial, Helvetica, sans-serif\">Wie bittte?<\/font><\/div>\n<\/td>\n<\/tr>\n<tr>\n<td>\n<div align=\"center\"><font face=\"Arial, Helvetica, sans-serif\">\u00c9g veit (\u00fea\u00f0) ekki<\/font><\/div>\n<\/td>\n<td>\n<div align=\"center\"><font face=\"Arial, Helvetica, sans-serif\">Ich wei\u00df (das) nicht<\/font><\/div>\n<\/td>\n<\/tr>\n<tr>\n<td>\n<div align=\"center\"><font face=\"Arial, Helvetica, sans-serif\">\u00c9g skil (\u00fea\u00f0) ekki<\/font><\/div>\n<\/td>\n<td>\n<div align=\"center\"><font face=\"Arial, Helvetica, sans-serif\">Ich verstehe (das) nicht<\/font><\/div>\n<\/td>\n<\/tr>\n<tr>\n<td>\n<div align=\"center\"><font face=\"Arial, Helvetica, sans-serif\">Hef ekki hugmynd<\/font><\/div>\n<\/td>\n<td>\n<div align=\"center\"><font face=\"Arial, Helvetica, sans-serif\">Hab keine Ahnung<\/font><\/div>\n<\/td>\n<\/tr>\n<tr>\n<td>\n<div align=\"center\"><font face=\"Arial, Helvetica, sans-serif\">Komdu hinga\u00f0 \/ hjerna!<\/font><\/div>\n<\/td>\n<td>\n<div align=\"center\"><font face=\"Arial, Helvetica, sans-serif\">Komm her!<\/font><\/div>\n<\/td>\n<\/tr>\n<\/table>\n<p>Hier die Zahlen:<\/p>\n<table style=\"text-align: center; border: #aaaaaa 1px solid\" cellpadding=\"3\" rules=\"all\">\n<tr>\n<th bgcolor=\"#f9f9f9\">arabi<\/th>\n<th bgcolor=\"#f9f9f9\">r\u00f3mverskur t\u00f6lustafur<\/th>\n<th bgcolor=\"#f9f9f9\">t\u00f6luor\u00f0<\/th>\n<th bgcolor=\"#f9f9f9\">ra\u00f0tala<\/th>\n<th bgcolor=\"#f9f9f9\">ra\u00f0tala<\/th>\n<\/tr>\n<tr>\n<td>0<\/td>\n<td>&#8211;<\/td>\n<td>n\u00fall<\/td>\n<td>\u00a0<\/td>\n<td>\u00a0<\/td>\n<\/tr>\n<tr>\n<td>1<\/td>\n<td>I<\/td>\n<td>einn <em>kk<\/em> \/ein <em>kvk<\/em> \/eitt <em>hk<\/em><\/td>\n<td>1.<\/td>\n<td>fyrsti <em>kk<\/em> \/fyrsta <em>kvk<\/em>, <em>hk<\/em><\/td>\n<\/tr>\n<tr>\n<td>2<\/td>\n<td>II<\/td>\n<td>tveir <em>kk<\/em> \/tv\u00e6r <em>kvk<\/em> \/tv\u00f6 <em>hk<\/em><\/td>\n<td>2.<\/td>\n<td>annar <em>kk<\/em> \/\u00f6nnur <em>kvk<\/em> \/anna\u00f0 <em>hk<\/em><\/td>\n<\/tr>\n<tr>\n<td>3<\/td>\n<td>III<\/td>\n<td>\u00fer\u00edr <em>kk<\/em> \/\u00ferj\u00e1r <em>kvk<\/em> \/\u00ferj\u00fa <em>hk<\/em><\/td>\n<td>3.<\/td>\n<td>\u00feri\u00f0ji <em>kk<\/em> \/\u00feri\u00f0ja <em>kvk<\/em>, <em>hk<\/em><\/td>\n<\/tr>\n<tr>\n<td>4<\/td>\n<td>IV<\/td>\n<td>fj\u00f3rir <em>kk<\/em> \/fj\u00f3rar <em>kvk<\/em> \/fj\u00f6gur <em>hk<\/em><\/td>\n<td>4.<\/td>\n<td>fj\u00f3r\u00f0i <em>kk<\/em> \/fj\u00f3r\u00f0a <em>kvk<\/em>, <em>hk<\/em><\/td>\n<\/tr>\n<tr>\n<td>5<\/td>\n<td>V<\/td>\n<td>fimm<\/td>\n<td>5.<\/td>\n<td>fimmti <em>kk<\/em> \/fimmta <em>kvk<\/em>, <em>hk<\/em><\/td>\n<\/tr>\n<tr>\n<td>6<\/td>\n<td>VI<\/td>\n<td>sex<\/td>\n<td>6.<\/td>\n<td>sj\u00f6tti <em>kk<\/em> \/sj\u00f6tta <em>kvk<\/em>, <em>hk<\/em><\/td>\n<\/tr>\n<tr>\n<td>7<\/td>\n<td>VII<\/td>\n<td>sj\u00f6<\/td>\n<td>7.<\/td>\n<td>sj\u00f6undi <em>kk<\/em> \/sj\u00f6unda <em>kvk<\/em>, <em>hk<\/em><\/td>\n<\/tr>\n<tr>\n<td>8<\/td>\n<td>VIII<\/td>\n<td>\u00e1tta<\/td>\n<td>8.<\/td>\n<td>\u00e1ttundi <em>kk<\/em> \/\u00e1ttunda <em>kvk<\/em>, <em>hk<\/em><\/td>\n<\/tr>\n<tr>\n<td>9<\/td>\n<td>IX<\/td>\n<td>n\u00edu<\/td>\n<td>9.<\/td>\n<td>n\u00edundi <em>kk<\/em> \/n\u00edunda <em>kvk<\/em>, <em>hk<\/em><\/td>\n<\/tr>\n<tr>\n<td>10<\/td>\n<td>X<\/td>\n<td>t\u00edu<\/td>\n<td>10.<\/td>\n<td>t\u00edundi <em>kk<\/em> \/t\u00edunda <em>kvk<\/em>, <em>hk<\/em><\/td>\n<\/tr>\n<tr>\n<td>11<\/td>\n<td>XI<\/td>\n<td>ellefu<\/td>\n<td>11.<\/td>\n<td>ellefti <em>kk<\/em> \/ellefta <em>kvk<\/em>, <em>hk<\/em><\/td>\n<\/tr>\n<tr>\n<td>12<\/td>\n<td>XII<\/td>\n<td>t\u00f3lf<\/td>\n<td>12.<\/td>\n<td>t\u00f3lfti <em>kk<\/em> \/t\u00f3lfta <em>kvk<\/em>, <em>hk<\/em><\/td>\n<\/tr>\n<tr>\n<td>13<\/td>\n<td>XIII<\/td>\n<td>\u00ferett\u00e1n<\/td>\n<td>13.<\/td>\n<td>\u00ferett\u00e1ndi <em>kk<\/em> \/\u00ferett\u00e1nda <em>kvk<\/em>, <em>hk<\/em><\/td>\n<\/tr>\n<tr>\n<td>14<\/td>\n<td>XIV<\/td>\n<td>fj\u00f3rt\u00e1n<\/td>\n<td>14.<\/td>\n<td>fj\u00f3rt\u00e1ndi <em>kk<\/em> \/fj\u00f3rt\u00e1nda <em>kvk<\/em>, <em>hk<\/em><\/td>\n<\/tr>\n<tr>\n<td>15<\/td>\n<td>XV<\/td>\n<td>fimmt\u00e1n<\/td>\n<td>15.<\/td>\n<td>fimmt\u00e1ndi <em>kk<\/em> \/fimmt\u00e1nda <em>kvk<\/em>, <em>hk<\/em><\/td>\n<\/tr>\n<tr>\n<td>16<\/td>\n<td>XVI<\/td>\n<td>sext\u00e1n<\/td>\n<td>16.<\/td>\n<td>sext\u00e1ndi <em>kk<\/em> \/sext\u00e1nda <em>kvk<\/em>, <em>hk<\/em><\/td>\n<\/tr>\n<tr>\n<td>17<\/td>\n<td>XVII<\/td>\n<td>sautj\u00e1n<\/td>\n<td>17.<\/td>\n<td>sautj\u00e1ndi <em>kk<\/em> \/sautj\u00e1nda <em>kvk<\/em>, <em>hk<\/em><\/td>\n<\/tr>\n<tr>\n<td>18<\/td>\n<td>XVIII<\/td>\n<td>\u00e1tj\u00e1n<\/td>\n<td>18.<\/td>\n<td>\u00e1tj\u00e1ndi <em>kk<\/em> \/\u00e1tj\u00e1nda <em>kvk<\/em>, <em>hk<\/em><\/td>\n<\/tr>\n<tr>\n<td>19<\/td>\n<td>XIX<\/td>\n<td>n\u00edtj\u00e1n<\/td>\n<td>19.<\/td>\n<td>n\u00edtj\u00e1ndi <em>kk<\/em> \/n\u00edtj\u00e1nda <em>kvk<\/em>, <em>hk<\/em><\/td>\n<\/tr>\n<tr>\n<td>20<\/td>\n<td>XX<\/td>\n<td>tuttugu<\/td>\n<td>20.<\/td>\n<td>tuttugasti <em>kk<\/em> \/tuttugasta <em>kvk<\/em>, <em>hk<\/em><\/td>\n<\/tr>\n<tr>\n<td>21<\/td>\n<td>XXI<\/td>\n<td>tuttugu og einn<\/td>\n<td>21.<\/td>\n<td>tuttugasti og fyrsti <em>kk<\/em> \/tuttugasta og fyrsta <em>kvk<\/em>, <em>hk<\/em><\/td>\n<\/tr>\n<tr>\n<td>22<\/td>\n<td>XXII<\/td>\n<td>tuttugu og tveir<\/td>\n<td>22.<\/td>\n<td>tuttugasti og annar <em>kk<\/em> \/tuttugasta og \u00f6nnur <em>kvk<\/em> \/tuttugasta og anna\u00f0 <em>hk<\/em><\/td>\n<\/tr>\n<tr>\n<td>23<\/td>\n<td>XXIII<\/td>\n<td>tuttugu og \u00fer\u00edr<\/td>\n<td>23.<\/td>\n<td>tuttugasti og \u00feri\u00f0ji <em>kk<\/em> \/tuttugasta og \u00feri\u00f0ja <em>kvk<\/em>, <em>hk<\/em><\/td>\n<\/tr>\n<tr>\n<td>&#8230;<\/td>\n<td>&#8230;<\/td>\n<td>&#8230;<\/td>\n<td>&#8230;<\/td>\n<td>&#8230;<\/td>\n<\/tr>\n<tr>\n<td>30<\/td>\n<td>XXX<\/td>\n<td>\u00ferj\u00e1t\u00edu<\/td>\n<td>30.<\/td>\n<td>\u00fer\u00edtugasti <em>kk<\/em> \/\u00fer\u00edtugasta <em>kvk<\/em>, <em>hk<\/em><\/td>\n<\/tr>\n<tr>\n<td>31<\/td>\n<td>XXXI<\/td>\n<td>\u00ferj\u00e1t\u00edu og einn<\/td>\n<td>31.<\/td>\n<td>\u00fer\u00edtugasti og fyrsti <em>kk<\/em> \/\u00fer\u00edtugasta og fyrsta <em>kvk<\/em>, <em>hk<\/em><\/td>\n<\/tr>\n<tr>\n<td>&#8230;<\/td>\n<td>&#8230;<\/td>\n<td>&#8230;<\/td>\n<td>&#8230;<\/td>\n<td>&#8230;<\/td>\n<\/tr>\n<tr>\n<td>40<\/td>\n<td>XL<\/td>\n<td>fj\u00f6rut\u00edu<\/td>\n<td>40.<\/td>\n<td>fertugasti <em>kk<\/em> \/fertugasta <em>kvk<\/em>, <em>hk<\/em><\/td>\n<\/tr>\n<tr>\n<td>50<\/td>\n<td>L<\/td>\n<td>fimmt\u00edu<\/td>\n<td>50.<\/td>\n<td>fimmtugasti <em>kk<\/em> \/fimmtugasta <em>kvk<\/em>, <em>hk<\/em><\/td>\n<\/tr>\n<tr>\n<td>60<\/td>\n<td>LX<\/td>\n<td>sext\u00edu<\/td>\n<td>60.<\/td>\n<td>sextugasti <em>kk<\/em> \/sextugasta <em>kvk<\/em>, <em>hk<\/em><\/td>\n<\/tr>\n<tr>\n<td>70<\/td>\n<td>LXX<\/td>\n<td>sj\u00f6t\u00edu<\/td>\n<td>70.<\/td>\n<td>sj\u00f6tugasti <em>kk<\/em> \/sj\u00f6tugasta <em>kvk<\/em>, <em>hk<\/em><\/td>\n<\/tr>\n<tr>\n<td>80<\/td>\n<td>LXXX<\/td>\n<td>\u00e1ttat\u00edu<\/td>\n<td>80.<\/td>\n<td>\u00e1ttugasti <em>kk<\/em> \/\u00e1ttugasta <em>kvk<\/em>, <em>hk<\/em><\/td>\n<\/tr>\n<tr>\n<td>90<\/td>\n<td>XC<\/td>\n<td>n\u00edut\u00edu<\/td>\n<td>90.<\/td>\n<td>n\u00edutugasti <em>kk<\/em> \/n\u00edutugasta <em>kvk<\/em>, <em>hk<\/em><\/td>\n<\/tr>\n<tr>\n<td>99<\/td>\n<td>IC<\/td>\n<td>n\u00edut\u00edu og n\u00edu<\/td>\n<td>99.<\/td>\n<td>n\u00edutugasti og n\u00edundi <em>kk<\/em> \/n\u00edutugasta og n\u00edunda <em>kvk<\/em>, <em>hk<\/em><\/td>\n<\/tr>\n<tr>\n<td>100<\/td>\n<td>C<\/td>\n<td>hundra\u00f0<\/td>\n<td>100.<\/td>\n<td>hundra\u00f0asti <em>kk<\/em> \/hundra\u00f0asta <em>kvk<\/em>, <em>hk<\/em><\/td>\n<\/tr>\n<tr>\n<td>101<\/td>\n<td>CI<\/td>\n<td>hundra\u00f0 og einn<\/td>\n<td>101.<\/td>\n<td>hundra\u00f0asti og fyrsti <em>kk<\/em> \/hundra\u00f0asta og fyrsta <em>kvk<\/em>, <em>hk<\/em><\/td>\n<\/tr>\n<tr>\n<td>200<\/td>\n<td>CC<\/td>\n<td>tv\u00f6 hundru\u00f0<\/td>\n<td>200.<\/td>\n<td>tv\u00f6hundra\u00f0asti <em>kk<\/em> \/tv\u00f6hundra\u00f0asta <em>kvk<\/em>, <em>hk<\/em><\/td>\n<\/tr>\n<tr>\n<td>300<\/td>\n<td>CCC<\/td>\n<td>\u00ferj\u00fa hundru\u00f0<\/td>\n<td>300.<\/td>\n<td>\u00ferj\u00fahundra\u00f0asti <em>kk<\/em> \/\u00ferj\u00fahundra\u00f0asta <em>kvk<\/em>, <em>hk<\/em><\/td>\n<\/tr>\n<tr>\n<td>1.000<\/td>\n<td>M<\/td>\n<td>\u00fe\u00fasund<\/td>\n<td>1000.<\/td>\n<td>\u00fe\u00fasundasti <em>kk<\/em> \/\u00fe\u00fasundasta <em>kvk<\/em>, <em>hk<\/em><\/td>\n<\/tr>\n<tr>\n<td>2.000<\/td>\n<td>MM<\/td>\n<td>tv\u00f6 \u00fe\u00fasund<\/td>\n<td>2000.<\/td>\n<td>tv\u00f6\u00fe\u00fasundasti <em>kk<\/em> \/tv\u00f6\u00fe\u00fasundasta <em>kvk<\/em>, <em>hk<\/em><\/td>\n<\/tr>\n<tr>\n<td>1.000.000 = 10<sup>6<\/sup><\/td>\n<td>&#8230;<\/td>\n<td>ein milj\u00f3n<\/td>\n<td>1000000.<\/td>\n<td>\u00a0<\/td>\n<\/tr>\n<tr>\n<td>2.000.000 = 2&#215;10<sup>6<\/sup><\/td>\n<td>&#8230;<\/td>\n<td>tv\u00e6r milj\u00f3nir<\/td>\n<td>2000000.<\/td>\n<td>\u00a0<\/td>\n<\/tr>\n<tr>\n<td>1.000.000.000 = 10<sup>9<\/sup><\/td>\n<td>&#8230;<\/td>\n<td>einn miljar\u00f0ur<\/td>\n<td>1000000000.<\/td>\n<td>\u00a0<\/td>\n<\/tr>\n<tr>\n<td>2.000.000.000 = 2&#215;10<sup>9<\/sup><\/td>\n<td>&#8230;<\/td>\n<td>tveir miljar\u00f0ar<\/td>\n<td>2000000000.<\/td>\n<td>\u00a0<\/td>\n<\/tr>\n<tr>\n<td>&#8230;<\/td>\n<td>&#8230;<\/td>\n<td>&#8230;<\/td>\n<td>&#8230;<\/td>\n<td>&#8230;<\/td>\n<\/tr>\n<tr>\n<td>\u221e<\/td>\n<td>&#8211;<\/td>\n<td>\u00f3endanlegur<\/td>\n<td>&#8211;<\/td>\n<td>&#8211;<\/td>\n<\/tr>\n<\/table>\n","protected":false},"excerpt":{"rendered":"<p>Hier die Mitschrift der bisherigen Isl\u00e4ndisch-Lektionen: Ohne Gew\u00e4hr! Isl\u00e4ndisch Deutsch Go\u00f0a N\u00f3tt Gute Nacht Gott Kv\u00f6ld Guten Abend (Vi\u00f0) Sj\u00e1umst (Wir) sehen uns Bless Tsch\u00fc\u00df Takk fyrir matinn Danke f\u00fcr das Essen \u00c9g er fr\u00e1 \u00de\u00fdskalandi Ich bin aus Deutschland Fyrirgef\u00f0u Entschuldigung Gj\u00f6r\u00f0u svo vel Bittesch\u00f6n M\u00e1 \u00e9g? Darf ich? Fer h\u00e9\u00f0an ______ til? F\u00e4hrt [&hellip;]<\/p>\n","protected":false},"author":1,"featured_media":0,"parent":0,"menu_order":0,"comment_status":"open","ping_status":"closed","template":"","meta":{"footnotes":""},"class_list":["post-30","page","type-page","status-publish","hentry"],"_links":{"self":[{"href":"http:\/\/bruenicke.com\/index.php?rest_route=\/wp\/v2\/pages\/30","targetHints":{"allow":["GET"]}}],"collection":[{"href":"http:\/\/bruenicke.com\/index.php?rest_route=\/wp\/v2\/pages"}],"about":[{"href":"http:\/\/bruenicke.com\/index.php?rest_route=\/wp\/v2\/types\/page"}],"author":[{"embeddable":true,"href":"http:\/\/bruenicke.com\/index.php?rest_route=\/wp\/v2\/users\/1"}],"replies":[{"embeddable":true,"href":"http:\/\/bruenicke.com\/index.php?rest_route=%2Fwp%2Fv2%2Fcomments&post=30"}],"version-history":[{"count":0,"href":"http:\/\/bruenicke.com\/index.php?rest_route=\/wp\/v2\/pages\/30\/revisions"}],"wp:attachment":[{"href":"http:\/\/bruenicke.com\/index.php?rest_route=%2Fwp%2Fv2%2Fmedia&parent=30"}],"curies":[{"name":"wp","href":"https:\/\/api.w.org\/{rel}","templated":true}]}}